at is the hundreds digit of 2355?
3
What is the hundreds digit of 1041?
0
What is the units digit of 1779?
9
What is the thousands digit of 1934?
1
What is the hundreds digit of 69479?
4
What is the hundreds digit of 3355?
3
What is the thousands digit of 1048?
1
What is the tens digit of 58016?
1
What is the thousands digit of 5411?
5
What is the ten thousands digit of 42793?
4
What is the hundreds digit of 46429?
4
What is the hundreds digit of 6768?
7
What is the tens digit of 18575?
7
What is the units digit of 16330?
0
What is the units digit of 2215?
5
What is the units digit of 35947?
7
What is the thousands digit of 17678?
7
What is the thousands digit of 1850?
1
What is the tens digit of 1280?
8
What is the units digit of 62815?
5
What is the thousands digit of 54091?
4
What is the units digit of 3173?
3
What is the thousands digit of 4915?
4
What is the units digit of 5686?
6
What is the tens digit of 17709?
0
What is the tens digit of 60923?
2
What is the hundreds digit of 8485?
4
What is the hundreds digit of 36260?
2
What is the tens digit of 516?
1
What is the thousands digit of 63993?
3
What is the hundreds digit of 1382?
3
What is the tens digit of 4915?
1
What is the units digit of 8302?
2
What is the units digit of 247?
7
What is the tens digit of 937?
3
What is the hundreds digit of 6620?
6
What is the units digit of 7?
7
What is the units digit of 79721?
1
What is the thousands digit of 14613?
4
What is the tens digit of 6095?
9
What is the tens digit of 850?
5
What is the hundreds digit of 464?
4
What is the hundreds digit of 24000?
0
What is the thousands digit of 36419?
6
What is the units digit of 17145?
5
What is the units digit of 53518?
8
What is the units digit of 48681?
1
What is the ten thousands digit of 30986?
3
What is the thousands digit of 83897?
3
What is the hundreds digit of 24829?
8
What is the thousands digit of 3745?
3
What is the tens digit of 34543?
4
What is the thousands digit of 74936?
4
What is the thousands digit of 1040?
1
What is the hundreds digit of 8465?
4
What is the units digit of 1018?
8
What is the tens digit of 24257?
5
What is the thousands digit of 2172?
2
What is the hundreds digit of 73955?
9
What is the tens digit of 9086?
8
What is the hundreds digit of 3916?
9
What is the thousands digit of 6143?
6
What is the ten thousands digit of 27372?
2
What is the hundreds digit of 1001?
0
What is the units digit of 15220?
0
What is the ten thousands digit of 30986?
3
What is the ten thousands digit of 12307?
1
What is the units digit of 12685?
5
What is the tens digit of 7918?
1
What is the hundreds digit of 2454?
4
What is the thousands digit of 18689?
8
What is the units digit of 58541?
1
What is the tens digit of 2569?
6
What is the units digit of 305?
5
What is the units digit of 90831?
1
What is the thousands digit of 8446?
8
What is the hundreds digit of 1403?
4
What is the tens digit of 2642?
4
What is the ten thousands digit of 60224?
6
What is the hundreds digit of 37337?
3
What is the tens digit of 31?
3
What is the units digit of 3242?
2
What is the units digit of 48331?
1
What is the tens digit of 1719?
1
What is the ten thousands digit of 19331?
1
What is the hundreds digit of 201?
2
What is the ten thousands digit of 22632?
2
What is the hundreds digit of 617?
6
What is the tens digit of 3086?
8
What is the units digit of 6615?
5
What is the thousands digit of 48868?
8
What is the hundreds digit of 2785?
7
What is the hundreds digit of 13205?
2
What is the hundred thousands digit of 122969?
1
What is the ten thousands digit of 79818?
7
What is the hundreds digit of 594?
5
What is the hundreds digit of 11837?
8
What is the units digit of 444?
4
What is the hundreds digit of 1140?
1
What is the tens digit of 20402?
0
What is the thousands digit of 1179?
1
What is the hundreds digit of 22129?
1
What is the tens digit of 1649?
4
What is the units digit of 794?
4
What is the units digit of 3514?
4
What is the tens digit of 4894?
9
What is the thousands digit of 1054?
1
What is the thousands digit of 6638?
6
What is the tens digit of 28512?
1
What is the units digit of 5890?
0
What is the thousands digit of 59224?
9
What is the units digit of 5149?
9
What is the thousands digit of 1532?
1
What is the units digit of 5387?
7
What is the tens digit of 45158?
5
What is the units digit of 1393?
3
What is the units digit of 2015?
5
What is the units digit of 113728?
8
What is the tens digit of 10244?
4
What is the hundreds digit of 1752?
7
What is the ten thousands digit of 30678?
3
What is the tens digit of 26484?
8
What is the hundreds digit of 452?
4
What is the thousands digit of 1089?
1
What is the hundreds digit of 1372?
3
What is the tens digit of 1515?
1
What is the hundreds digit of 41668?
6
What is the tens digit of 521?
2
What is the hundreds digit of 5113?
1
What is the thousands digit of 2589?
2
What is the thousands digit of 8148?
8
What is the units digit of 1227?
7
What is the hundreds digit of 46141?
1
What is the units digit of 2080?
0
What is the hundreds digit of 1870?
8
What is the units digit of 27062?
2
What is the units digit of 1681?
1
What is the units digit of 211?
1
What is the tens digit of 2091?
9
What is the hundreds digit of 6390?
3
What is the hundreds digit of 768?
7
What is the tens digit of 429?
2
What is the thousands digit of 48803?
8
What is the tens digit of 1181?
8
What is the hundreds digit of 39013?
0
What is the hundreds digit of 288?
2
What is the units digit of 7023?
3
What is the units digit of 5028?
8
What is the thousands digit of 78609?
8
What is the hundreds digit of 91762?
7
What is the hundreds digit of 56905?
9
What is the hundreds digit of 2238?
2
What is the ten thousands digit of 75541?
7
What is the thousands digit of 21842?
1
What is the tens digit of 5622?
2
What is the tens digit of 17632?
3
What is the tens digit of 574?
7
What is the thousands digit of 8591?
8
What is the units digit of 479?
9
What is the thousands digit of 22035?
2
What is the hundreds digit of 9255?
2
What is the thousands digit of 2105?
2
What is the thousands digit of 2445?
2
What is the hundreds digit of 856?
8
What is the tens digit of 101709?
0
What is the units digit of 2408?
8
What is the hundreds digit of 113?
1
What is the tens digit of 7596?
9
What is the hundreds digit of 16218?
2
What is the thousands digit of 7900?
7
What is the thousands digit of 5588?
5
What is the ten thousands digit of 11859?
1
What is the tens digit of 135?
3
What is the units digit of 2154?
4
What is the ten thousands digit of 20099?
2
What is the units digit of 19547?
7
What is the ten thousands digit of 15760?
1
What is the thousands digit of 8470?
8
What is the tens digit of 1953?
5
What is the ten thousands digit of 11372?
1
What is the tens digit of 161?
6
What is the ten thousands digit of 61648?
6
What is the hundreds digit of 19287?
2
What is the tens digit of 403?
0
What is the ten thousands digit of 62675?
6
What is the tens digit of 90651?
5
What is the ten thousands digit of 102735?
0
What is the tens digit of 890?
9
What is the hundreds digit of 12370?
3
What is the tens digit of 12355?
5
What is the ten thousands digit of 22741?
2
What is the thousands digit of 3235?
3
What is the ten thousands digit of 13799?
1
What is the thousands digit of 1400?
1
What is the tens digit of 453?
5
What is the tens digit of 2802?
0
What is the units digit of 313?
3
What is the tens digit of 31444?
4
What is the ten thousands digit of 11716?
1
What is the thousands digit of 12764?
2
What is the hundreds digit of 734?
7
What is the units digit of 1021?
1
What is the thousands digit of 22708?
2
What is the ten thousands digit of 29844?
2
What is the hundreds digit of 120939?
9
What is the tens digit of 5784?
8
What is the tens digit of 2337?
3
What is the thousands digit of 1208?
1
What is the units digit of 624?
4
What is the hundreds digit of 1047?
0
What is the tens digit of 4881?
8
What is the tens digit of 315?
1
What is the hundreds digit of 1890?
8
What is the thousands digit of 4500?
4
What is the thousands digit of 68325?
8
What is the thousands digit of 16550?
6
What is the tens digit of 14670?
7
What is the thousands digit of 7287?
7
What is the tens digit of 6